4, what is -3 - -34?
31
In base 2, what is 1100 + -1011100111?
-1011011011
In base 6, what is 13 - 34?
-21
In base 12, what is 1 + -1989?
-1988
In base 14, what is -5 - -6b5?
6b0
In base 3, what is -101 + -1110?
-1211
In base 5, what is 223 - -1?
224
In base 9, what is -255 + -1?
-256
In base 9, what is 1 - 583?
-582
In base 4, what is 1 - 30312?
-30311
In base 2, what is 110 + 100100?
101010
In base 4, what is 11 - 30312?
-30301
In base 10, what is -3 - 35?
-38
In base 4, what is 10 - 13212?
-13202
In base 3, what is 0 - -1110?
1110
In base 15, what is -ac0 + 2?
-abd
In base 10, what is -193 - -1?
-192
In base 8, what is 7 - -47?
56
In base 4, what is -2 - -12033?
12031
In base 8, what is 541 - -7?
550
In base 12, what is 4b1 + 5?
4b6
In base 13, what is 225a + 2?
225c
In base 4, what is -20121 - 3?
-20130
In base 10, what is 20 + -4?
16
In base 16, what is -283 + c?
-277
In base 2, what is -100010100110110 - 1?
-100010100110111
In base 3, what is 21 - -202101?
202122
In base 5, what is 10 + 1434?
1444
In base 15, what is 941 + -4?
93c
In base 9, what is -4 - 40?
-44
In base 8, what is 2 - -222?
224
In base 3, what is -10222110 - 11?
-10222121
In base 2, what is -11 - 1111101?
-10000000
In base 12, what is 14 - -27?
3b
In base 14, what is 1 - -13?
14
In base 10, what is 0 - 65?
-65
In base 13, what is 0 - -b1?
b1
In base 13, what is -21 - 329?
-34a
In base 8, what is 0 + -5611?
-5611
In base 6, what is 25530 + -1?
25525
In base 2, what is -11 - 11000011?
-11000110
In base 9, what is 176 + -5?
171
In base 9, what is 5 - -1215?
1221
In base 12, what is 58 - -5?
61
In base 2, what is 1100100101 + 10?
1100100111
In base 5, what is 0 + -14?
-14
In base 14, what is -c - -1?
-b
In base 4, what is -10322 - -3?
-10313
In base 9, what is -26 + -47?
-74
In base 2, what is -111111001 + -101?
-111111110
In base 6, what is 3251 + 4?
3255
In base 16, what is 63 - 3?
60
In base 2, what is 101110 + -11000110?
-10011000
In base 5, what is -3 + -30?
-33
In base 6, what is -111032 + -4?
-111040
In base 10, what is -3 - 66?
-69
In base 7, what is -3 - 40?
-43
In base 8, what is 2 - -102?
104
In base 10, what is 3 - 149?
-146
In base 14, what is -1d1 + 4?
-1cb
In base 6, what is 15 - -10?
25
In base 10, what is -60 + 0?
-60
In base 7, what is -311 - -16?
-262
In base 14, what is -d0 + -2?
-d2
In base 10, what is 2 + 558?
560
In base 14, what is 46 - 1?
45
In base 16, what is -1124 + -4?
-1128
In base 15, what is 2e2 - -1?
2e3
In base 7, what is 3 - -20?
23
In base 10, what is 0 - -1778?
1778
In base 16, what is -4 - 36?
-3a
In base 5, what is 22 - 41?
-14
In base 3, what is -2 - -110?
101
In base 7, what is 1 - 61?
-60
In base 12, what is -26 - -1a?
-8
In base 5, what is -4 + 20132?
20123
In base 8, what is 6704 + -3?
6701
In base 15, what is 4 - 35?
-31
In base 15, what is 9 - -1?
a
In base 11, what is -22 - 84?
-a6
In base 11, what is 0 + 282?
282
In base 6, what is -4 - -15?
11
In base 16, what is 14b6 - -5?
14bb
In base 16, what is 2 + -1011?
-100f
In base 12, what is a1 + 3?
a4
In base 11, what is 12 + -16?
-4
In base 15, what is 5 - 1dd?
-1d8
In base 7, what is -1014 + 3?
-1011
In base 5, what is 10 + 3140?
3200
In base 3, what is -1001120 - -12?
-1001101
In base 4, what is -3 + -211021?
-211030
In base 8, what is -272 - -4?
-266
In base 3, what is -1212100 - -2?
-1212021
In base 4, what is 2023 - 321?
1102
In base 5, what is -4 + 1002?
443
In base 10, what is -8016 - 4?
-8020
In base 12, what is 4 + -57?
-53
In base 3, what is 11 - 1100?
-1012
In base 7, what is 110 - 10?
100
In base 7, what is -166 - 2?
-201
In base 6, what is -1550 - -14?
-1532
In base 3, what is -12020 + -1221?
-21011
In base 11, what is 0 - 6?
-6
In base 4, what is -2021 + 3?
-2012
In base 4, what is 212013 - -30?
212103
In base 3, what is 2 + 12020102?
12020111
In base 8, what is 2 - -352?
354
In base 5, what is 10001 - -3?
10004
In base 5, what is -4 - 42020?
-42024
In base 10, what is -386 - 4?
-390
In base 13, what is c2 + -5?
ba
In base 13, what is 1 + -10?
-c
In base 3, what is -10 + -2210?
-2220
In base 5, what is -123 + -4?
-132
In base 7, what is -1344 + -5?
-1352
In base 12, what is 6 - -15?
1b
In base 4, what is -111 + -12?
-123
In base 3, what is 100 - 210?
-110
In base 7, what is -16452 - -2?
-16450
In base 4, what is -231220 - 2?
-231222
In base 11, what is 452 + 0?
452
In base 9, what is -65 - 4?
-70
In base 13, what is -17 - -1c8?
1b1
In base 5, what is 10212 - 0?
10212
In base 14, what is 19c0 - -3?
19c3
In base 8, what is 10 - -5?
15
In base 8, what is -722 + -3?
-725
In base 11, what is -a - -25?
16
In base 8, what is -1 + 1074?
1073
In base 12, what is 4 - -85?
89
In base 6, what is -53 + -3?
-100
In base 6, what is -43 - -250?
203
In base 2, what is -101 + -110011?
-111000
In base 8, what is 14 + -44?
-30
In base 11, what is 42 + 583?
615
In base 6, what is -5 - -5300?
5251
In base 4, what is 10 + -120?
-110
In base 5, what is -24 - 341?
-420
In base 13, what is 14 - -16?
2a
In base 3, what is 10011 - 221?
2020
In base 5, what is -231 + -11?
-242
In base 9, what is -5 - 0?
-5
In base 4, what is -1212 + 100?
-1112
In base 9, what is 4 + -6337?
-6333
In base 6, what is 21 - 145?
-124
In base 3, what is 1 + 1020012?
1020020
In base 11, what is -129 - 27?
-155
In base 15, what is 359 + -3?
356
In base 4, what is -111110 - -2?
-111102
In base 3, what is 2 - 12022?
-12020
In base 9, what is -37 - -1128?
1081
In base 8, what is 2 - 65?
-63
In base 3, what is -2 - 2020200?
-2020202
In base 4, what is 321032 + -1?
321031
In base 4, what is -1 - -213?
212
In base 12, what is 5 - -11?
16
In base 15, what is 22 + c6?
e8
In base 10, what is -2 + 79?
77
In base 10, what is 6 - -5?
11
In base 16, what is -10 - 41?
-51
In base 2, what is -11101110110 - 1101?
-11110000011
In base 5, what is 320 - -34?
404
In base 14, what is -111 + 4?
-10b
In base 11, what is -12184 - -1?
-12183
In base 9, what is 277 - 2?
275
In base 4, what is 20 - -10?
30
In base 7, what is -1 - 2011?
-2012
In base 4, what is 13 - -133011?
133030
In base 6, what is -1 - 2033?
-2034
In base 5, what is -3 - 10310?
-10313
In base 9, what is -10225 - -4?
-10221
In base 12, what is -4 - 28?
-30
In base 3, what is -1 - 11100?
-11101
In base 6, what is 2 - 4004?
-4002
In base 13, what is 9 - -2?
b
In base 4, what is 112011 - 0?
112011
In base 10, what is 9 - 20?
-11
In base 12, what is 5 - 22?
-19
In base 2, what is 11 - 11111100?
-11111001
In base 4, what is -3101 - -11?
-3030
In base 12, what is -1 + 3?
2
In base 6, what is 15 - 24?
-5
In base 11, what is -7 - -315?
309
In base 10, what is 5 + 263?
268
In base 14, what is -4 + -18?
-1c
In base 14, what is -6 + 7?
1
In base 7, what is 1014 - 3?
1011
In base 13, what is -7 + 10b?
104
In base 8, what is -352 + -17?
-371
In base 2, what is -1 + -111100?
-111101
In base 3, what is -12 + -10020?
-10102
In base 7, what is 0 - 653?
-653
In base 13, what is 3 + -2c1?
-2bb
In base 13, what is 1 + -21?
-20
In base 3, what is 11100 + 1202?
20002
In base 3, what is -10 - 101102?
-101112
In base 4, what is 11021001 + -10?
11020331
In base 9, what is 168 - 5?
163
In base 15, what is 2 - 449?
-447
In base 16, what is -2b2 - 0?
-2b2
In base 9, what is 15 - 46?
-31
In base 6, what is 115 + 4?
123
In base 11, what is 4 + 30?
34
In base 8, what is 210 - 5?
203
In base 13, what is 4 + c?
13
In base 8, what is 23 + -1?
22
In base 11, what is -40 + -38?
-78
In base 16, what is -9 - 389?
-392
In base 10, what is 3 - 1448?
-1445
In base 13, what is 1c - -331?
350
In base 3, what is 22 + -11011?
-10212
In base 15, what is 6113 - 2?
6111
In base 15, what is -3 - 52?
-55
In base 3, what is -2121 + -10?
-2201
In base 12, what is -333 + 8?
-327
In base 10, what is 19 + 17?
36
In base 2, what is 10 - 11110110?
-11110100
In base 8, what is 3 - -5732?
5735
In base 2, what is 1101 + 10000110?
10010011
In base 11, what is 102 + 5?
107
In base 11, what is -3 + -55?
-58
In base 9, what is 13378 + 1?
13380
In base 10, what is -12 + 104?
92
In base 10, what is -134 + -4?
-138
In base 8, what is 5 - -4450?
4455
In base 4, what is -13123311 + 1?
-13123310
In base 7, what is 5 + 132?
140
In base 11, what is 46 - -9?
54
In base 7, what is 601 - -6?
610
In base 3, what is 110 - 1?
102
In base 14, what is -